8368?
1
What is the tens digit of 19781738?
3
What is the hundred thousands digit of 2660619135?
6
What is the thousands digit of 4827628?
7
What is the ten thousands digit of 129686753?
8
What is the thousands digit of 4312513816?
3
What is the units digit of 90526977?
7
What is the ten millions digit of 70282639?
7
What is the thousands digit of 17252068?
2
What is the hundred millions digit of 290337509?
2
What is the tens digit of 25198913?
1
What is the thousands digit of 51261224?
1
What is the hundred thousands digit of 8454948407?
9
What is the millions digit of 149096066?
9
What is the ten millions digit of 64118671?
6
What is the units digit of 33372167?
7
What is the tens digit of 1379542881?
8
What is the hundred millions digit of 7450573689?
4
What is the ten millions digit of 59748043?
5
What is the tens digit of 138469867?
6
What is the hundreds digit of 883494701?
7
What is the tens digit of 193518812?
1
What is the ten millions digit of 499062358?
9
What is the millions digit of 6705725954?
5
What is the ten millions digit of 1242107547?
4
What is the ten millions digit of 171340941?
7
What is the hundred thousands digit of 1573673494?
6
What is the ten thousands digit of 3380995481?
9
What is the hundred thousands digit of 17298291?
2
What is the units digit of 31010445?
5
What is the tens digit of 1214059507?
0
What is the ten thousands digit of 298409440?
0
What is the thousands digit of 19332301?
2
What is the tens digit of 321663079?
7
What is the thousands digit of 580952115?
2
What is the thousands digit of 101134323?
4
What is the thousands digit of 145360173?
0
What is the millions digit of 159237571?
9
What is the ten millions digit of 126473844?
2
What is the hundred millions digit of 8215163932?
2
What is the hundreds digit of 3206948869?
8
What is the millions digit of 115967556?
5
What is the ten millions digit of 742926170?
4
What is the hundred thousands digit of 493550102?
5
What is the hundred millions digit of 5347435340?
3
What is the ten thousands digit of 507975157?
7
What is the hundreds digit of 50728969?
9
What is the units digit of 593802402?
2
What is the tens digit of 18301977?
7
What is the hundreds digit of 27598919?
9
What is the ten thousands digit of 4828631?
2
What is the thousands digit of 2889236068?
6
What is the thousands digit of 398252811?
2
What is the hundreds digit of 19159620?
6
What is the tens digit of 2169268300?
0
What is the units digit of 1895605525?
5
What is the hundreds digit of 2985793724?
7
What is the hundreds digit of 76239863?
8
What is the units digit of 8805690404?
4
What is the units digit of 4810431664?
4
What is the hundred thousands digit of 675584820?
5
What is the hundred thousands digit of 575978726?
9
What is the billions digit of 3839272965?
3
What is the hundred thousands digit of 249542572?
5
What is the thousands digit of 25993308?
3
What is the hundreds digit of 699798233?
2
What is the units digit of 229953536?
6
What is the hundred thousands digit of 12122111?
1
What is the millions digit of 43348964?
3
What is the ten thousands digit of 1048569895?
6
What is the thousands digit of 631410294?
0
What is the millions digit of 90947635?
0
What is the millions digit of 3399367153?
9
What is the thousands digit of 84823036?
3
What is the ten millions digit of 33822729?
3
What is the hundred thousands digit of 265427042?
4
What is the tens digit of 171345572?
7
What is the tens digit of 40481742?
4
What is the millions digit of 350953024?
0
What is the units digit of 349186382?
2
What is the thousands digit of 165008684?
8
What is the tens digit of 57362617?
1
What is the tens digit of 72548713?
1
What is the hundred millions digit of 908296594?
9
What is the units digit of 56190660?
0
What is the thousands digit of 73299432?
9
What is the thousands digit of 89683890?
3
What is the hundred thousands digit of 3682572577?
5
What is the thousands digit of 81428915?
8
What is the hundreds digit of 1384350172?
1
What is the millions digit of 286279834?
6
What is the hundreds digit of 144187879?
8
What is the ten millions digit of 1624818905?
2
What is the tens digit of 73837902?
0
What is the ten thousands digit of 7181542278?
4
What is the hundred millions digit of 4796645751?
7
What is the thousands digit of 178685344?
5
What is the ten millions digit of 364990815?
6
What is the tens digit of 7419012055?
5
What is the hundred thousands digit of 3921612?
9
What is the units digit of 924715310?
0
What is the millions digit of 45691392?
5
What is the hundred thousands digit of 2538775896?
7
What is the tens digit of 191141909?
0
What is the hundred millions digit of 136983174?
1
What is the units digit of 82535180?
0
What is the ten thousands digit of 266291937?
9
What is the billions digit of 1184138138?
1
What is the ten millions digit of 184019228?
8
What is the hundred thousands digit of 31522212?
5
What is the hundred millions digit of 113967311?
1
What is the units digit of 560377521?
1
What is the hundred millions digit of 1787067898?
7
What is the units digit of 176628007?
7
What is the units digit of 104285847?
7
What is the tens digit of 100282047?
4
What is the thousands digit of 1208035933?
5
What is the hundred millions digit of 203940114?
2
What is the hundred thousands digit of 1328383564?
3
What is the hundreds digit of 223432920?
9
What is the hundred millions digit of 121315251?
1
What is the ten thousands digit of 19195520?
9
What is the millions digit of 7438120?
7
What is the hundred thousands digit of 558962773?
9
What is the ten millions digit of 2117683345?
1
What is the hundreds digit of 27121486?
4
What is the units digit of 79907719?
9
What is the tens digit of 87314855?
5
What is the tens digit of 231291824?
2
What is the ten thousands digit of 863073650?
7
What is the ten thousands digit of 21527160?
2
What is the units digit of 51270005?
5
What is the thousands digit of 1978099371?
9
What is the hundred thousands digit of 1565386579?
3
What is the units digit of 33286144?
4
What is the ten thousands digit of 503167373?
6
What is the hundred thousands digit of 69467538?
4
What is the units digit of 245498?
8
What is the ten millions digit of 8033411438?
3
What is the hundred millions digit of 1842896244?
8
What is the ten millions digit of 154423004?
5
What is the hundreds digit of 103244314?
3
What is the ten thousands digit of 545946073?
4
What is the thousands digit of 271455277?
5
What is the units digit of 486665655?
5
What is the ten millions digit of 441596366?
4
What is the hundreds digit of 107038871?
8
What is the tens digit of 24921021?
2
What is the hundred thousands digit of 510473974?
4
What is the hundreds digit of 38734169?
1
What is the hundred millions digit of 3518096859?
5
What is the hundred millions digit of 247694380?
2
What is the units digit of 187842469?
9
What is the tens digit of 4321177?
7
What is the hundred millions digit of 248278428?
2
What is the units digit of 165549200?
0
What is the ten millions digit of 2733261216?
3
What is the thousands digit of 27363089?
3
What is the millions digit of 96869161?
6
What is the ten thousands digit of 6813676?
1
What is the thousands digit of 36648120?
8
What is the hundred millions digit of 233784246?
2
What is the ten millions digit of 4545714208?
4
What is the hundred thousands digit of 31594593?
5
What is the billions digit of 1247365795?
1
What is the units digit of 54833487?
7
What is the ten thousands digit of 224165633?
6
What is the millions digit of 118795183?
8
What is the ten thousands digit of 51857995?
5
What is the ten thousands digit of 5688323734?
2
What is the units digit of 14117110?
0
What is the hundreds digit of 31229605?
6
What is the hundred thousands digit of 27881277?
8
What is the ten millions digit of 990314468?
9
What is the hundred millions digit of 127747561?
1
What is the thousands digit of 8228093?
8
What is the units digit of 1159820855?
5
What is the ten millions digit of 263128573?
6
What is the thousands digit of 237938693?
8
What is the ten thousands digit of 21299994?
9
What is the ten millions digit of 81232803?
8
What is the hundreds digit of 100309285?
2
What is the millions digit of 11159871?
1
What is the thousands di